    {"id":89,"date":"2019-09-17T15:58:47","date_gmt":"2019-09-17T13:58:47","guid":{"rendered":"http:\/\/urbassistance.fr\/?page_id=89"},"modified":"2021-03-08T22:16:45","modified_gmt":"2021-03-08T21:16:45","slug":"urbanisme-reglementaire","status":"publish","type":"page","link":"https:\/\/urbassistance.fr\/index.php\/urbanisme-reglementaire\/","title":{"rendered":"Urbanisme r\u00e9glementaire"},"content":{"rendered":"\n<div class=\"wp-block-cover has-background-dim-20 has-background-dim\" style=\"background-image:url(http:\/\/urbassistance.fr\/wp-content\/uploads\/2020\/11\/accueil-scaled.jpg);min-height:175px;aspect-ratio:unset;\"><div class=\"wp-block-cover__inner-container is-layout-flow wp-block-cover-is-layout-flow\">\n<p class=\"has-text-align-center has-large-font-size\">Urbanisme r\u00e8glementaire<\/p>\n<\/div><\/div>\n\n\n\n<div class=\"wp-block-columns is-layout-flex wp-container-core-columns-is-layout-1 wp-block-columns-is-layout-flex\">\n<div class=\"wp-block-column is-layout-flow wp-block-column-is-layout-flow\" style=\"flex-basis:15%\"><\/div>\n\n\n\n<div class=\"wp-block-column is-layout-flow wp-block-column-is-layout-flow\" style=\"flex-basis:70%\">\n<p class=\"has-cyan-bluish-gray-color has-text-color\" id=\"block-e603f937-6625-48eb-a93c-1ba5f9077de7\"><br>Urbassistance est un bureau d\u2019\u00e9tudes dont la <strong>sp\u00e9cialisation premi\u00e8re est l\u2019urbanisme r\u00e8glementaire. <\/strong>Il accompagne les collectivit\u00e9s dans l\u2019\u00e9laboration de l\u2019ensemble de leurs documents d\u2019urbanisme et de planification.<br><br>Urbassistance r\u00e9alise notamment\u00a0:<br>&#8211; Elaboration de <a href=\"http:\/\/urbassistance.fr\/index.php\/plan-local-durbanisme-plu-plui\/\"><em>Plans Locaux d\u2019Urbanisme<\/em><\/a> (PLU et PLUi) et cartes communales,<br>&#8211; Proc\u00e9dure de r\u00e9vision, modification ou <a href=\"http:\/\/urbassistance.fr\/index.php\/declaration-de-projet\/\"><em>mise en compatibilit\u00e9<\/em><\/a> des PLU et PLUi,<br>&#8211; <em><a href=\"http:\/\/urbassistance.fr\/index.php\/evaluation-environnementale\/\">Evaluation environnementale<\/a><\/em> des documents d\u2019urbanisme et de planification,<br>&#8211; <em><a href=\"http:\/\/urbassistance.fr\/index.php\/dematerialisation-des-documents-durbanisme\/\">D\u00e9mat\u00e9rialisation des PLU <\/a><\/em>et PLUi,<br>&#8211; <em><a href=\"http:\/\/urbassistance.fr\/index.php\/programme-local-de-lhabitat-plh\/\">Programme Local de l\u2019Habitat<\/a><\/em> (PLH et PLUiH),<br>&#8211; <a href=\"http:\/\/urbassistance.fr\/index.php\/reglement-local-de-publicite-rlp\/\"><em>R\u00e8glement local de Publicit\u00e9<\/em><\/a> (RLP),<br>&#8211; <a href=\"http:\/\/urbassistance.fr\/index.php\/declaration-dutilite-publique-dup\/\"><em>D\u00e9claration d\u2019utilit\u00e9 publique<\/em><\/a> (DUP),<br>&#8211; <a href=\"http:\/\/urbassistance.fr\/index.php\/declaration-de-projet\/\"><em>D\u00e9claration de projet<\/em><\/a> emportant mise en compatibilit\u00e9 des documents d&rsquo;urbanisme,<br>&#8211; <em><a href=\"http:\/\/urbassistance.fr\/index.php\/loi-barnier-amendement-dupont\/\">D\u00e9rogations \u00e0 la loi Barnier<\/a><\/em>\u2026<br><br><br>Pour plus de renseignements sur nos services ou toutes question en mati\u00e8re d\u2019urbanisme r\u00e8glementaire, n\u2019h\u00e9sitez pas \u00e0 <em><a href=\"http:\/\/urbassistance.fr\/index.php\/contact\/\">me contacter\u00a0 <\/a><\/em>!<br>Je me ferai un plaisir de vous conseiller et de vous accompagner dans vos d\u00e9marches.<br><br><\/p>\n\n\n\n<p class=\"has-luminous-vivid-orange-color has-text-color has-medium-font-size\"><strong>R\u00e9f\u00e9rences<\/strong><br><br><\/p>\n\n\n\n<div id=\"slider_69f74c3ce4ce7\" class=\"slider_instance\" style=\"position: relative;\" data-options=\"{&quot;id&quot;:5,&quot;name&quot;:&quot;slider 5&quot;,&quot;instanceName&quot;:&quot;urba_r\\u00e8glementaire&quot;,&quot;date&quot;:&quot;2021-03-08 21:47:42&quot;,&quot;status&quot;:&quot;published&quot;,&quot;layerWidth&quot;:&quot;100%&quot;,&quot;layerHeight&quot;:&quot;100%&quot;,&quot;shadow&quot;:&quot;off&quot;,&quot;mode&quot;:&quot;webgl&quot;,&quot;initialSlide&quot;:0,&quot;grabCursor&quot;:true,&quot;stopOnLastSlide&quot;:false,&quot;responsive&quot;:true,&quot;ratio&quot;:2,&quot;forceResponsive&quot;:false,&quot;fullscreen&quot;:false,&quot;forceFullscreen&quot;:false,&quot;width&quot;:1000,&quot;height&quot;:550,&quot;layerStarOnTransitionStart&quot;:false,&quot;autoplay&quot;:{&quot;enable&quot;:true,&quot;delay&quot;:&quot;3500&quot;,&quot;disableOnInteraction&quot;:true,&quot;reverseDirection&quot;:false},&quot;buttons&quot;:{&quot;pauseVisible&quot;:false,&quot;muteVisible&quot;:false},&quot;resetVideos&quot;:false,&quot;videoAutoplay&quot;:true,&quot;navigation&quot;:{&quot;enable&quot;:true,&quot;style&quot;:&quot;effect4&quot;},&quot;keyboard&quot;:{&quot;enable&quot;:true},&quot;wheelNavigation&quot;:{&quot;enable&quot;:false,&quot;stopOnLast&quot;:false,&quot;interval&quot;:2000},&quot;pagination&quot;:{&quot;enable&quot;:true,&quot;style&quot;:&quot;effect2&quot;,&quot;clickable&quot;:true,&quot;dynamicBullets&quot;:false},&quot;thumbs&quot;:{&quot;enable&quot;:false,&quot;position&quot;:&quot;bottom&quot;,&quot;thumbWidth&quot;:100,&quot;thumbHeight&quot;:60,&quot;spaceAround&quot;:3,&quot;spaceBetween&quot;:3,&quot;outsideSlider&quot;:true,&quot;centered&quot;:true},&quot;hashNavigation&quot;:{&quot;enable&quot;:false},&quot;loading&quot;:{&quot;fadeEffect&quot;:true,&quot;backgroundColor&quot;:&quot;#FFFFFF&quot;,&quot;color&quot;:&quot;#262626&quot;,&quot;style&quot;:&quot;style2&quot;},&quot;lightbox&quot;:{&quot;backgroundColor&quot;:&quot;#000000F2&quot;,&quot;closeColor&quot;:&quot;#FFFFFF&quot;},&quot;slides&quot;:[{&quot;src&quot;:&quot;http:\\\/\\\/urbassistance.fr\\\/wp-content\\\/uploads\\\/2021\\\/03\\\/Nivillers_PLU.png&quot;,&quot;thumbSrc&quot;:&quot;http:\\\/\\\/urbassistance.fr\\\/wp-content\\\/uploads\\\/2021\\\/03\\\/Nivillers_PLU-300x140.png&quot;},{&quot;src&quot;:&quot;http:\\\/\\\/urbassistance.fr\\\/wp-content\\\/uploads\\\/2021\\\/03\\\/JDL_CC.png&quot;,&quot;thumbSrc&quot;:&quot;http:\\\/\\\/urbassistance.fr\\\/wp-content\\\/uploads\\\/2021\\\/03\\\/JDL_CC-300x140.png&quot;},{&quot;src&quot;:&quot;http:\\\/\\\/urbassistance.fr\\\/wp-content\\\/uploads\\\/2021\\\/03\\\/Loi_Barnier_Valeco.png&quot;,&quot;thumbSrc&quot;:&quot;http:\\\/\\\/urbassistance.fr\\\/wp-content\\\/uploads\\\/2021\\\/03\\\/Loi_Barnier_Valeco-300x140.png&quot;},{&quot;src&quot;:&quot;http:\\\/\\\/urbassistance.fr\\\/wp-content\\\/uploads\\\/2021\\\/03\\\/Carto-SIG.png&quot;,&quot;thumbSrc&quot;:&quot;http:\\\/\\\/urbassistance.fr\\\/wp-content\\\/uploads\\\/2021\\\/03\\\/Carto-SIG-300x140.png&quot;},{&quot;src&quot;:&quot;http:\\\/\\\/urbassistance.fr\\\/wp-content\\\/uploads\\\/2021\\\/03\\\/DUP.png&quot;,&quot;thumbSrc&quot;:&quot;http:\\\/\\\/urbassistance.fr\\\/wp-content\\\/uploads\\\/2021\\\/03\\\/DUP-300x140.png&quot;}],&quot;fullscreenTablet&quot;:false,&quot;fullscreenMobile&quot;:false,&quot;forceFullscreenMobile&quot;:false,&quot;forceFullscreenTablet&quot;:false,&quot;widthMobile&quot;:1000,&quot;widthTablet&quot;:1000,&quot;heightMobile&quot;:550,&quot;heightTablet&quot;:550,&quot;responsiveMobile&quot;:true,&quot;responsiveTablet&quot;:true,&quot;forceResponsiveMobile&quot;:false,&quot;forceResponsiveTablet&quot;:false,&quot;rootFolder&quot;:&quot;https:\\\/\\\/urbassistance.fr\\\/wp-content\\\/plugins\\\/transition-slider-lite\\\/&quot;}\"><\/div>\n<\/div>\n\n\n\n<div class=\"wp-block-column is-layout-flow wp-block-column-is-layout-flow\" style=\"flex-basis:15%\"><\/div>\n<\/div>\n","protected":false},"excerpt":{"rendered":"<p>Urbassistance est un bureau d\u2019\u00e9tudes dont la sp\u00e9cialisation premi\u00e8re est l\u2019urbanisme r\u00e8glementaire. Il accompagne les collectivit\u00e9s dans l\u2019\u00e9laboration de l\u2019ensemble de leurs documents d\u2019urbanisme et de planification. Urbassistance r\u00e9alise notamment\u00a0:&#8211; Elaboration de Plans Locaux d\u2019Urbanisme (PLU et PLUi) et cartes communales,&#8211; Proc\u00e9dure de r\u00e9vision, modification ou mise en compatibilit\u00e9 des PLU et PLUi,&#8211; Evaluation environnementale [&hellip;]<\/p>\n","protected":false},"author":1,"featured_media":0,"parent":0,"menu_order":0,"comment_status":"closed","ping_status":"closed","template":"","meta":{"footnotes":""},"class_list":["post-89","page","type-page","status-publish","hentry"],"aioseo_notices":[],"_links":{"self":[{"href":"https:\/\/urbassistance.fr\/index.php\/wp-json\/wp\/v2\/pages\/89"}],"collection":[{"href":"https:\/\/urbassistance.fr\/index.php\/wp-json\/wp\/v2\/pages"}],"about":[{"href":"https:\/\/urbassistance.fr\/index.php\/wp-json\/wp\/v2\/types\/page"}],"author":[{"embeddable":true,"href":"https:\/\/urbassistance.fr\/index.php\/wp-json\/wp\/v2\/users\/1"}],"replies":[{"embeddable":true,"href":"https:\/\/urbassistance.fr\/index.php\/wp-json\/wp\/v2\/comments?post=89"}],"version-history":[{"count":24,"href":"https:\/\/urbassistance.fr\/index.php\/wp-json\/wp\/v2\/pages\/89\/revisions"}],"predecessor-version":[{"id":1124,"href":"https:\/\/urbassistance.fr\/index.php\/wp-json\/wp\/v2\/pages\/89\/revisions\/1124"}],"wp:attachment":[{"href":"https:\/\/urbassistance.fr\/index.php\/wp-json\/wp\/v2\/media?parent=89"}],"curies":[{"name":"wp","href":"https:\/\/api.w.org\/{rel}","templated":true}]}}