{"id":1166,"date":"2021-12-08T14:10:30","date_gmt":"2021-12-08T13:10:30","guid":{"rendered":"http:\/\/urbassistance.fr\/?page_id=1166"},"modified":"2021-12-08T15:35:55","modified_gmt":"2021-12-08T14:35:55","slug":"politique-environnementale","status":"publish","type":"page","link":"https:\/\/urbassistance.fr\/index.php\/politique-environnementale\/","title":{"rendered":"Politique environnementale"},"content":{"rendered":"\n<div class=\"wp-block-cover has-background-dim-20 has-background-dim\" style=\"min-height:175px;aspect-ratio:unset;\"><img loading=\"lazy\" decoding=\"async\" width=\"5512\" height=\"2362\" class=\"wp-block-cover__image-background wp-image-869\" alt=\"\" src=\"http:\/\/urbassistance.fr\/wp-content\/uploads\/2020\/11\/Banniere_EIE.png\" data-object-fit=\"cover\" srcset=\"https:\/\/urbassistance.fr\/wp-content\/uploads\/2020\/11\/Banniere_EIE.png 5512w, https:\/\/urbassistance.fr\/wp-content\/uploads\/2020\/11\/Banniere_EIE-300x129.png 300w, https:\/\/urbassistance.fr\/wp-content\/uploads\/2020\/11\/Banniere_EIE-1024x439.png 1024w, https:\/\/urbassistance.fr\/wp-content\/uploads\/2020\/11\/Banniere_EIE-768x329.png 768w, https:\/\/urbassistance.fr\/wp-content\/uploads\/2020\/11\/Banniere_EIE-1536x658.png 1536w, https:\/\/urbassistance.fr\/wp-content\/uploads\/2020\/11\/Banniere_EIE-2048x878.png 2048w\" sizes=\"(max-width: 5512px) 100vw, 5512px\" \/><div class=\"wp-block-cover__inner-container is-layout-flow wp-block-cover-is-layout-flow\">\n<p class=\"has-text-align-center has-large-font-size\">Politique environnementale<\/p>\n<\/div><\/div>\n\n\n\n<div class=\"wp-block-columns is-layout-flex wp-container-core-columns-is-layout-1 wp-block-columns-is-layout-flex\">\n<div class=\"wp-block-column is-layout-flow wp-block-column-is-layout-flow\" style=\"flex-basis:15%\"><\/div>\n\n\n\n<div class=\"wp-block-column is-layout-flow wp-block-column-is-layout-flow\" style=\"flex-basis:70%\">\n<p class=\"has-cyan-bluish-gray-color has-text-color\"><br><br><br>Depuis sa cr\u00e9ation en 2019, Urbassistance \u0153uvre pour le d\u00e9veloppement des \u00e9nergies renouvelables et un am\u00e9nagement plus durable de nos territoires.<\/p>\n<\/div>\n\n\n\n<div class=\"wp-block-column is-layout-flow wp-block-column-is-layout-flow\" style=\"flex-basis:15%\"><\/div>\n<\/div>\n\n\n\n<div class=\"wp-block-columns is-layout-flex wp-container-core-columns-is-layout-2 wp-block-columns-is-layout-flex\">\n<div class=\"wp-block-column is-layout-flow wp-block-column-is-layout-flow\" style=\"flex-basis:15%\"><\/div>\n\n\n\n<div class=\"wp-block-column is-layout-flow wp-block-column-is-layout-flow\" style=\"flex-basis:70%\">\n<p class=\"has-luminous-vivid-orange-color has-text-color has-medium-font-size\"><br><strong><strong>Actes au quotidien<\/strong><\/strong><\/p>\n<\/div>\n\n\n\n<div class=\"wp-block-column is-layout-flow wp-block-column-is-layout-flow\" style=\"flex-basis:15%\"><\/div>\n<\/div>\n\n\n\n<div class=\"wp-block-columns is-layout-flex wp-container-core-columns-is-layout-3 wp-block-columns-is-layout-flex\">\n<div class=\"wp-block-column is-layout-flow wp-block-column-is-layout-flow\" style=\"flex-basis:15%\"><\/div>\n\n\n\n<div class=\"wp-block-column is-layout-flow wp-block-column-is-layout-flow\" style=\"flex-basis:70%\">\n<p class=\"has-cyan-bluish-gray-color has-text-color\">En plus de ce c\u0153ur de m\u00e9tier tourn\u00e9 vers la protection de l\u2019environnement, des mesures ont \u00e9t\u00e9 prises afin de r\u00e9duire au minimum les \u00e9missions de gaz \u00e0 effet de serre li\u00e9es \u00e0 l\u2019activit\u00e9 de l\u2019entreprise et ainsi avoir un impact environnemental le plus neutre, voire positif possible\u00a0:<\/p>\n\n\n\n<p><br><\/p>\n\n\n\n<ul class=\"has-cyan-bluish-gray-color has-text-color wp-block-list\"><li>&#8211;   Limiter au maximum les impressions de documents (en presque 3 ans, moins d\u2019une ramette de papier a \u00e9t\u00e9 utilis\u00e9e).<\/li><li>&#8211;   Envoyer les documents par liens de t\u00e9l\u00e9chargement plut\u00f4t qu\u2019en pi\u00e8ces jointes d\u2019e-mail et supprimer r\u00e9guli\u00e8rement des mails non utiles (publicit\u00e9s, newsletters\u2026) afin de limiter la pollution li\u00e9e au num\u00e9rique.<\/li><li>&#8211;   Utilisation du <a href=\"https:\/\/www.lilo.org\/\">moteur de recherche Lilo<\/a> redistribuant une partie des b\u00e9n\u00e9fices \u00e0 des associations \u0153uvrant pour la pr\u00e9servation de l\u2019environnement, le bien-\u00eatre et la protection des animaux ou encore des associations humanitaires.<\/li><li>&#8211;   Acheter du mat\u00e9riel informatique reconditionn\u00e9 (impact environnemental en moyenne 3 fois inf\u00e9rieur \u00e0 celui de la production d&rsquo;un appareil neuf).<\/li><li>&#8211;   Limiter les d\u00e9placements\u00a0:<ul><li>&#8211;   Privil\u00e9gier les rendez-vous visio ou t\u00e9l\u00e9phoniques lorsque c\u2019est possible,<\/li><\/ul><ul><li>&#8211;   Mutualiser au maximum les d\u00e9placements longue distance,<\/li><\/ul><ul><li>&#8211;   Plus de 70% des d\u00e9placements r\u00e9alis\u00e9s en train,<\/li><\/ul><ul><li>&#8211;   Pour les d\u00e9placements en voiture : location de v\u00e9hicules \u00e9lectriques ou hybrides lorsque c\u2019est possible (10% des trajets en voiture effectu\u00e9s).<\/li><\/ul><\/li><\/ul>\n\n\n\n<ul class=\"has-cyan-bluish-gray-color has-text-color wp-block-list\"><li><br><\/li><\/ul>\n<\/div>\n\n\n\n<div class=\"wp-block-column is-layout-flow wp-block-column-is-layout-flow\" style=\"flex-basis:15%\"><\/div>\n<\/div>\n\n\n\n<div class=\"wp-block-columns is-layout-flex wp-container-core-columns-is-layout-4 wp-block-columns-is-layout-flex\">\n<div class=\"wp-block-column is-layout-flow wp-block-column-is-layout-flow\" style=\"flex-basis:15%\"><\/div>\n\n\n\n<div class=\"wp-block-column is-layout-flow wp-block-column-is-layout-flow\" style=\"flex-basis:70%\">\n<p class=\"has-luminous-vivid-orange-color has-text-color has-medium-font-size\"><strong>Compensation carbone<\/strong><\/p>\n<\/div>\n\n\n\n<div class=\"wp-block-column is-layout-flow wp-block-column-is-layout-flow\" style=\"flex-basis:15%\"><\/div>\n<\/div>\n\n\n\n<div class=\"wp-block-columns is-layout-flex wp-container-core-columns-is-layout-5 wp-block-columns-is-layout-flex\">\n<div class=\"wp-block-column is-layout-flow wp-block-column-is-layout-flow\" style=\"flex-basis:15%\"><\/div>\n\n\n\n<div class=\"wp-block-column is-layout-flow wp-block-column-is-layout-flow\" style=\"flex-basis:70%\">\n<p class=\"has-cyan-bluish-gray-color has-text-color\">Malgr\u00e9 ces efforts les activit\u00e9s d\u2019Urbassistance ne sont pas neutres pour l\u2019environnement. C\u2019est pourquoi le choix a \u00e9t\u00e9 fait de \u00ab\u00a0compenser\u00a0\u00bb les \u00e9missions carbone qui ne peuvent pas \u00eatre \u00e9vit\u00e9es.<\/p>\n\n\n\n<p><br><\/p>\n\n\n\n<p class=\"has-cyan-bluish-gray-color has-text-color\">Pour ce faire, Urbassistance a choisi la <a href=\"https:\/\/www.goodplanet.org\/fr\/\">Fondation GoodPlane<\/a>t cr\u00e9\u00e9e par le photographe Yann Arthus-Bertrand et qui \u0153uvre \u00e0 travers le monde pour l\u2019acc\u00e8s aux \u00e9nergies renouvelables et durables, le d\u00e9veloppement de l\u2019agriculture et de la foresterie durables, la valorisation des ordures m\u00e9nag\u00e8res, la pr\u00e9servation et la restauration de la biodiversit\u00e9\u2026<\/p>\n\n\n\n<p><br><\/p>\n\n\n\n<p class=\"has-cyan-bluish-gray-color has-text-color\">En deux ans et demi d\u2019exercice, les \u00e9missions carbone d\u2019Urbassistance (d\u00e9placements, chauffage, consommables, immobilisations&#8230;) repr\u00e9sentent environ 1,25 tonne de CO2. Ce qui correspond \u00e0 une compensation carbone de 27,50 \u20ac.<\/p>\n\n\n\n<p><br><\/p>\n\n\n\n<p class=\"has-cyan-bluish-gray-color has-text-color\">En fin d\u2019ann\u00e9e 2021, Urbassistance a donc fait un don d\u2019un montant de 55 \u20ac permettant non pas seulement de compenser les \u00e9missions carbone de l\u2019entreprise, mais d\u2019avoir un impact positif sur l\u2019environnement.<\/p>\n\n\n\n<p class=\"has-cyan-bluish-gray-color has-text-color\"><\/p>\n\n\n\n<p class=\"has-cyan-bluish-gray-color has-text-color\"><br><\/p>\n\n\n\n<p class=\"has-cyan-bluish-gray-color has-text-color\"><\/p>\n<\/div>\n\n\n\n<div class=\"wp-block-column is-layout-flow wp-block-column-is-layout-flow\" style=\"flex-basis:15%\"><\/div>\n<\/div>\n\n\n\n<p><\/p>\n","protected":false},"excerpt":{"rendered":"<p>Depuis sa cr\u00e9ation en 2019, Urbassistance \u0153uvre pour le d\u00e9veloppement des \u00e9nergies renouvelables et un am\u00e9nagement plus durable de nos territoires. Actes au quotidien En plus de ce c\u0153ur de m\u00e9tier tourn\u00e9 vers la protection de l\u2019environnement, des mesures ont \u00e9t\u00e9 prises afin de r\u00e9duire au minimum les \u00e9missions de gaz \u00e0 effet de serre [&hellip;]<\/p>\n","protected":false},"author":1,"featured_media":0,"parent":0,"menu_order":0,"comment_status":"closed","ping_status":"closed","template":"","meta":{"footnotes":""},"class_list":["post-1166","page","type-page","status-publish","hentry"],"aioseo_notices":[],"_links":{"self":[{"href":"https:\/\/urbassistance.fr\/index.php\/wp-json\/wp\/v2\/pages\/1166"}],"collection":[{"href":"https:\/\/urbassistance.fr\/index.php\/wp-json\/wp\/v2\/pages"}],"about":[{"href":"https:\/\/urbassistance.fr\/index.php\/wp-json\/wp\/v2\/types\/page"}],"author":[{"embeddable":true,"href":"https:\/\/urbassistance.fr\/index.php\/wp-json\/wp\/v2\/users\/1"}],"replies":[{"embeddable":true,"href":"https:\/\/urbassistance.fr\/index.php\/wp-json\/wp\/v2\/comments?post=1166"}],"version-history":[{"count":16,"href":"https:\/\/urbassistance.fr\/index.php\/wp-json\/wp\/v2\/pages\/1166\/revisions"}],"predecessor-version":[{"id":1189,"href":"https:\/\/urbassistance.fr\/index.php\/wp-json\/wp\/v2\/pages\/1166\/revisions\/1189"}],"wp:attachment":[{"href":"https:\/\/urbassistance.fr\/index.php\/wp-json\/wp\/v2\/media?parent=1166"}],"curies":[{"name":"wp","href":"https:\/\/api.w.org\/{rel}","templated":true}]}}

<div class="wp-block-cover has-background-dim-20 has-background-dim" style="min-height:175px;aspect-ratio:unset;"><img loading="lazy" decoding="async" width="5512" height="2362" class="wp-block-cover__image-background wp-image-869" alt="" src="http://urbassistance.fr/wp-content/uploads/2020/11/Banniere_EIE.png" data-object-fit="cover" srcset="https://urbassistance.fr/wp-content/uploads/2020/11/Banniere_EIE.png 5512w, https://urbassistance.fr/wp-content/uploads/2020/11/Banniere_EIE-300x129.png 300w, https://urbassistance.fr/wp-content/uploads/2020/11/Banniere_EIE-1024x439.png 1024w, https://urbassistance.fr/wp-content/uploads/2020/11/Banniere_EIE-768x329.png 768w, https://urbassistance.fr/wp-content/uploads/2020/11/Banniere_EIE-1536x658.png 1536w, https://urbassistance.fr/wp-content/uploads/2020/11/Banniere_EIE-2048x878.png 2048w" sizes="(max-width: 5512px) 100vw, 5512px" /><div class="wp-block-cover__inner-container is-layout-flow wp-block-cover-is-layout-flow">
<p class="has-text-align-center has-large-font-size">Politique environnementale</p>
</div></div>



<div class="wp-block-columns is-layout-flex wp-container-core-columns-is-layout-1 wp-block-columns-is-layout-flex">
<div class="wp-block-column is-layout-flow wp-block-column-is-layout-flow" style="flex-basis:15%"></div>



<div class="wp-block-column is-layout-flow wp-block-column-is-layout-flow" style="flex-basis:70%">
<p class="has-cyan-bluish-gray-color has-text-color"><br><br><br>Depuis sa création en 2019, Urbassistance œuvre pour le développement des énergies renouvelables et un aménagement plus durable de nos territoires.</p>
</div>



<div class="wp-block-column is-layout-flow wp-block-column-is-layout-flow" style="flex-basis:15%"></div>
</div>



<div class="wp-block-columns is-layout-flex wp-container-core-columns-is-layout-2 wp-block-columns-is-layout-flex">
<div class="wp-block-column is-layout-flow wp-block-column-is-layout-flow" style="flex-basis:15%"></div>



<div class="wp-block-column is-layout-flow wp-block-column-is-layout-flow" style="flex-basis:70%">
<p class="has-luminous-vivid-orange-color has-text-color has-medium-font-size"><br><strong><strong>Actes au quotidien</strong></strong></p>
</div>



<div class="wp-block-column is-layout-flow wp-block-column-is-layout-flow" style="flex-basis:15%"></div>
</div>



<div class="wp-block-columns is-layout-flex wp-container-core-columns-is-layout-3 wp-block-columns-is-layout-flex">
<div class="wp-block-column is-layout-flow wp-block-column-is-layout-flow" style="flex-basis:15%"></div>



<div class="wp-block-column is-layout-flow wp-block-column-is-layout-flow" style="flex-basis:70%">
<p class="has-cyan-bluish-gray-color has-text-color">En plus de ce cœur de métier tourné vers la protection de l’environnement, des mesures ont été prises afin de réduire au minimum les émissions de gaz à effet de serre liées à l’activité de l’entreprise et ainsi avoir un impact environnemental le plus neutre, voire positif possible :</p>



<p><br></p>



<ul class="has-cyan-bluish-gray-color has-text-color wp-block-list"><li>&#8211;   Limiter au maximum les impressions de documents (en presque 3 ans, moins d’une ramette de papier a été utilisée).</li><li>&#8211;   Envoyer les documents par liens de téléchargement plutôt qu’en pièces jointes d’e-mail et supprimer régulièrement des mails non utiles (publicités, newsletters…) afin de limiter la pollution liée au numérique.</li><li>&#8211;   Utilisation du <a href="https://www.lilo.org/">moteur de recherche Lilo</a> redistribuant une partie des bénéfices à des associations œuvrant pour la préservation de l’environnement, le bien-être et la protection des animaux ou encore des associations humanitaires.</li><li>&#8211;   Acheter du matériel informatique reconditionné (impact environnemental en moyenne 3 fois inférieur à celui de la production d&rsquo;un appareil neuf).</li><li>&#8211;   Limiter les déplacements :<ul><li>&#8211;   Privilégier les rendez-vous visio ou téléphoniques lorsque c’est possible,</li></ul><ul><li>&#8211;   Mutualiser au maximum les déplacements longue distance,</li></ul><ul><li>&#8211;   Plus de 70% des déplacements réalisés en train,</li></ul><ul><li>&#8211;   Pour les déplacements en voiture : location de véhicules électriques ou hybrides lorsque c’est possible (10% des trajets en voiture effectués).</li></ul></li></ul>



<ul class="has-cyan-bluish-gray-color has-text-color wp-block-list"><li><br></li></ul>
</div>



<div class="wp-block-column is-layout-flow wp-block-column-is-layout-flow" style="flex-basis:15%"></div>
</div>



<div class="wp-block-columns is-layout-flex wp-container-core-columns-is-layout-4 wp-block-columns-is-layout-flex">
<div class="wp-block-column is-layout-flow wp-block-column-is-layout-flow" style="flex-basis:15%"></div>



<div class="wp-block-column is-layout-flow wp-block-column-is-layout-flow" style="flex-basis:70%">
<p class="has-luminous-vivid-orange-color has-text-color has-medium-font-size"><strong>Compensation carbone</strong></p>
</div>



<div class="wp-block-column is-layout-flow wp-block-column-is-layout-flow" style="flex-basis:15%"></div>
</div>



<div class="wp-block-columns is-layout-flex wp-container-core-columns-is-layout-5 wp-block-columns-is-layout-flex">
<div class="wp-block-column is-layout-flow wp-block-column-is-layout-flow" style="flex-basis:15%"></div>



<div class="wp-block-column is-layout-flow wp-block-column-is-layout-flow" style="flex-basis:70%">
<p class="has-cyan-bluish-gray-color has-text-color">Malgré ces efforts les activités d’Urbassistance ne sont pas neutres pour l’environnement. C’est pourquoi le choix a été fait de « compenser » les émissions carbone qui ne peuvent pas être évitées.</p>



<p><br></p>



<p class="has-cyan-bluish-gray-color has-text-color">Pour ce faire, Urbassistance a choisi la <a href="https://www.goodplanet.org/fr/">Fondation GoodPlane</a>t créée par le photographe Yann Arthus-Bertrand et qui œuvre à travers le monde pour l’accès aux énergies renouvelables et durables, le développement de l’agriculture et de la foresterie durables, la valorisation des ordures ménagères, la préservation et la restauration de la biodiversité…</p>



<p><br></p>



<p class="has-cyan-bluish-gray-color has-text-color">En deux ans et demi d’exercice, les émissions carbone d’Urbassistance (déplacements, chauffage, consommables, immobilisations&#8230;) représentent environ 1,25 tonne de CO2. Ce qui correspond à une compensation carbone de 27,50 €.</p>



<p><br></p>



<p class="has-cyan-bluish-gray-color has-text-color">En fin d’année 2021, Urbassistance a donc fait un don d’un montant de 55 € permettant non pas seulement de compenser les émissions carbone de l’entreprise, mais d’avoir un impact positif sur l’environnement.</p>



<p class="has-cyan-bluish-gray-color has-text-color"></p>



<p class="has-cyan-bluish-gray-color has-text-color"><br></p>



<p class="has-cyan-bluish-gray-color has-text-color"></p>
</div>



<div class="wp-block-column is-layout-flow wp-block-column-is-layout-flow" style="flex-basis:15%"></div>
</div>



<p></p>

<p>Depuis sa création en 2019, Urbassistance œuvre pour le développement des énergies renouvelables et un aménagement plus durable de nos territoires. Actes au quotidien En plus de ce cœur de métier tourné vers la protection de l’environnement, des mesures ont été prises afin de réduire au minimum les émissions de gaz à effet de serre [&hellip;]</p>
